{"id":116,"date":"2018-10-17T13:09:12","date_gmt":"2018-10-17T11:09:12","guid":{"rendered":"http:\/\/val-et-zen.fr\/?page_id=116"},"modified":"2025-03-21T17:20:39","modified_gmt":"2025-03-21T16:20:39","slug":"formations-secourisme","status":"publish","type":"page","link":"https:\/\/val-et-zen.fr\/index.php\/formations-secourisme\/","title":{"rendered":"Formations pr\u00e9vention des risques et secourisme"},"content":{"rendered":"\n<figure class=\"wp-block-image is-resized\"><img loading=\"lazy\" decoding=\"async\" width=\"300\" height=\"79\" src=\"https:\/\/val-et-zen.fr\/wp-content\/uploads\/2023\/01\/Bandeau-catalogue-300x79.png\" alt=\"\" class=\"wp-image-445\" style=\"width:840px;height:221px\" srcset=\"https:\/\/val-et-zen.fr\/wp-content\/uploads\/2023\/01\/Bandeau-catalogue-300x79.png 300w, https:\/\/val-et-zen.fr\/wp-content\/uploads\/2023\/01\/Bandeau-catalogue-768x203.png 768w, https:\/\/val-et-zen.fr\/wp-content\/uploads\/2023\/01\/Bandeau-catalogue.png 995w\" sizes=\"auto, (max-width: 300px) 100vw, 300px\" \/><\/figure>\n\n\n\n<p><\/p>\n\n\n\n<p class=\"has-text-align-left has-medium-font-size\"><strong>Pr\u00e9vention des risques en entreprise : une priorit\u00e9 pour la performance et la s\u00e9curit\u00e9<\/strong><\/p>\n\n\n\n<p>La pr\u00e9vention des risques professionnels est un enjeu majeur pour toute entreprise, quelle que soit sa taille ou son secteur d\u2019activit\u00e9. Mettre en place une strat\u00e9gie de pr\u00e9vention efficace permet de garantir la s\u00e9curit\u00e9 des collaborateurs, d\u2019am\u00e9liorer les conditions de travail et de renforcer la performance globale de l\u2019entreprise.<\/p>\n\n\n\n<h4 class=\"wp-block-heading\">\u2753 Pourquoi la pr\u00e9vention des risques est-elle essentielle ?<\/h4>\n\n\n\n<p>Chaque ann\u00e9e, les accidents du travail et les maladies professionnelles ont un impact consid\u00e9rable sur les entreprises : arr\u00eats de travail prolong\u00e9s, baisse de productivit\u00e9, augmentation des cotisations sociales\u2026 <strong>La pr\u00e9vention des risques<\/strong> ne se limite donc pas \u00e0 la simple conformit\u00e9 r\u00e9glementaire, elle est <strong>un levier strat\u00e9gique<\/strong> pour la <strong>p\u00e9rennit\u00e9 <\/strong>et la <strong>comp\u00e9titivit\u00e9 <\/strong>des organisations.<\/p>\n\n\n\n<h4 class=\"wp-block-heading\">\u2696\ufe0f Un cadre r\u00e9glementaire strict<\/h4>\n\n\n\n<p>Selon l&rsquo;article L.4121-1 du Code du travail, l&#8217;employeur a l&rsquo;obligation de prendre les mesures n\u00e9cessaires pour assurer la s\u00e9curit\u00e9 et prot\u00e9ger la sant\u00e9 physique et mentale des travailleurs. Cela inclut :<\/p>\n\n\n\n<p>\u2705 L&rsquo;\u00e9valuation des risques professionnels (DUER),<br>\u2705 La mise en \u0153uvre d&rsquo;actions de pr\u00e9vention adapt\u00e9es,<br>\u2705 L&rsquo;information et la formation des salari\u00e9s.<\/p>\n\n\n\n<p>La non-conformit\u00e9 \u00e0 ces obligations peut entra\u00eener des sanctions financi\u00e8res et p\u00e9nales pour l&#8217;employeur, ainsi que des cons\u00e9quences humaines lourdes.<\/p>\n\n\n\n<h4 class=\"wp-block-heading\">\ud83c\udfaf Des formations sur-mesure, v\u00e9ritablement adapt\u00e9es \u00e0 vos besoins<\/h4>\n\n\n\n<p>L&rsquo;adaptation est au c\u0153ur de notre approche. Nous concevons des formations en pr\u00e9vention des risques personnalis\u00e9es pour r\u00e9pondre aux sp\u00e9cificit\u00e9s de chaque entreprise. Dispens\u00e9es en fran\u00e7ais et en anglais, elles s&rsquo;adaptent aux diff\u00e9rents profils de vos collaborateurs.<\/p>\n\n\n\n<p>Nos sessions se d\u00e9roulent dans un environnement d\u00e9tendu et bienveillant, favorisant l&rsquo;\u00e9change et l&rsquo;engagement. Les animations sont ludiques et interactives, assurant une assimilation efficace des bonnes pratiques.<\/p>\n\n\n\n<p>Ces sessions permettent d&rsquo;identifier, d&rsquo;\u00e9valuer et de ma\u00eetriser les risques professionnels tout en sensibilisant les \u00e9quipes aux comportements \u00e0 adopter pour garantir leur s\u00e9curit\u00e9.<\/p>\n\n\n\n<p>Faites de la pr\u00e9vention des risques un atout pour la s\u00e9curit\u00e9 de vos \u00e9quipes et la performance de votre entreprise !<\/p>\n\n\n\n<p>Organisme de formation enregistr\u00e9 sous le n\u00b0 de d\u00e9claration d&rsquo;activit\u00e9 11922268792 aupr\u00e8s du Pr\u00e9fet de la r\u00e9gion Ile-de-France et de la Direction R\u00e9gionale Interd\u00e9partementale de l&rsquo;Economie, de l&rsquo;Emploi, du Travail et des Solidarit\u00e9s (DRIEETS).<\/p>\n\n\n\n<p><\/p>\n\n\n\n<p class=\"has-text-align-center has-text-color has-large-font-size\" style=\"color:#036944\"><strong>PREVENTION DES RISQUES ET SECOURISME<\/strong><\/p>\n\n\n\n<p><\/p>\n\n\n\n<div class=\"wp-block-media-text alignwide is-stacked-on-mobile\"><figure class=\"wp-block-media-text__media\"><img loading=\"lazy\" decoding=\"async\" width=\"300\" height=\"169\" src=\"https:\/\/val-et-zen.fr\/wp-content\/uploads\/2023\/01\/WP_20201125_001-300x169.jpg\" alt=\"\" class=\"wp-image-448 size-full\" srcset=\"https:\/\/val-et-zen.fr\/wp-content\/uploads\/2023\/01\/WP_20201125_001-300x169.jpg 300w, https:\/\/val-et-zen.fr\/wp-content\/uploads\/2023\/01\/WP_20201125_001-1024x575.jpg 1024w, https:\/\/val-et-zen.fr\/wp-content\/uploads\/2023\/01\/WP_20201125_001-768x431.jpg 768w, https:\/\/val-et-zen.fr\/wp-content\/uploads\/2023\/01\/WP_20201125_001-1536x863.jpg 1536w, https:\/\/val-et-zen.fr\/wp-content\/uploads\/2023\/01\/WP_20201125_001-2048x1150.jpg 2048w\" sizes=\"auto, (max-width: 300px) 100vw, 300px\" \/><\/figure><div class=\"wp-block-media-text__content\">\n<p class=\"has-text-align-center has-medium-font-size\"><a href=\"https:\/\/val-et-zen.fr\/index.php\/sauveteur-secouriste-du-travail-sst\/\" data-type=\"URL\" data-id=\"https:\/\/val-et-zen.fr\/index.php\/sauveteur-secouriste-du-travail-sst\/\">Sauveteur Secouriste du Travail (SST)<\/a><\/p>\n<\/div><\/div>\n\n\n\n<p><\/p>\n\n\n\n<div class=\"wp-block-media-text alignwide is-stacked-on-mobile\"><figure class=\"wp-block-media-text__media\"><img loading=\"lazy\" decoding=\"async\" width=\"1024\" height=\"768\" src=\"https:\/\/val-et-zen.fr\/wp-content\/uploads\/2023\/01\/IMG_20210624_161223-1024x768.jpg\" alt=\"\" class=\"wp-image-451 size-full\" srcset=\"https:\/\/val-et-zen.fr\/wp-content\/uploads\/2023\/01\/IMG_20210624_161223-1024x768.jpg 1024w, https:\/\/val-et-zen.fr\/wp-content\/uploads\/2023\/01\/IMG_20210624_161223-300x225.jpg 300w, https:\/\/val-et-zen.fr\/wp-content\/uploads\/2023\/01\/IMG_20210624_161223-768x576.jpg 768w, https:\/\/val-et-zen.fr\/wp-content\/uploads\/2023\/01\/IMG_20210624_161223-1536x1152.jpg 1536w, https:\/\/val-et-zen.fr\/wp-content\/uploads\/2023\/01\/IMG_20210624_161223-2048x1536.jpg 2048w\" sizes=\"auto, (max-width: 1024px) 100vw, 1024px\" \/><\/figure><div class=\"wp-block-media-text__content\">\n<p class=\"has-text-align-center has-medium-font-size\"><a href=\"https:\/\/val-et-zen.fr\/index.php\/maintien-et-actualisation-des-competences-sst-mac-sst\/\" data-type=\"URL\" data-id=\"https:\/\/val-et-zen.fr\/index.php\/maintien-et-actualisation-des-competences-sst-mac-sst\/\">Maintien et Actualisation des comp\u00e9tences SST (MAC SST)<\/a><\/p>\n<\/div><\/div>\n\n\n\n<p><\/p>\n\n\n\n<div class=\"wp-block-media-text alignwide is-stacked-on-mobile\"><figure class=\"wp-block-media-text__media\"><img loading=\"lazy\" decoding=\"async\" width=\"768\" height=\"1024\" src=\"https:\/\/val-et-zen.fr\/wp-content\/uploads\/2023\/01\/IMG20220624162036-768x1024.jpg\" alt=\"\" class=\"wp-image-490 size-full\" srcset=\"https:\/\/val-et-zen.fr\/wp-content\/uploads\/2023\/01\/IMG20220624162036-768x1024.jpg 768w, https:\/\/val-et-zen.fr\/wp-content\/uploads\/2023\/01\/IMG20220624162036-225x300.jpg 225w, https:\/\/val-et-zen.fr\/wp-content\/uploads\/2023\/01\/IMG20220624162036-1152x1536.jpg 1152w, https:\/\/val-et-zen.fr\/wp-content\/uploads\/2023\/01\/IMG20220624162036-1536x2048.jpg 1536w, https:\/\/val-et-zen.fr\/wp-content\/uploads\/2023\/01\/IMG20220624162036-scaled.jpg 1920w\" sizes=\"auto, (max-width: 768px) 100vw, 768px\" \/><\/figure><div class=\"wp-block-media-text__content\">\n<p class=\"has-medium-font-size\"><a href=\"https:\/\/val-et-zen.fr\/index.php\/simulation-daccident-en-entreprise-sae\/\" data-type=\"URL\" data-id=\"https:\/\/val-et-zen.fr\/index.php\/simulation-daccident-en-entreprise-sae\/\">Simulation d&rsquo;accident en entreprise<\/a><\/p>\n<\/div><\/div>\n\n\n\n<p><\/p>\n\n\n\n<div class=\"wp-block-media-text alignwide is-stacked-on-mobile\"><figure class=\"wp-block-media-text__media\"><img loading=\"lazy\" decoding=\"async\" width=\"1024\" height=\"768\" src=\"https:\/\/val-et-zen.fr\/wp-content\/uploads\/2023\/01\/IMG_20210916_151342-1024x768.jpg\" alt=\"\" class=\"wp-image-452 size-full\" srcset=\"https:\/\/val-et-zen.fr\/wp-content\/uploads\/2023\/01\/IMG_20210916_151342-1024x768.jpg 1024w, https:\/\/val-et-zen.fr\/wp-content\/uploads\/2023\/01\/IMG_20210916_151342-300x225.jpg 300w, https:\/\/val-et-zen.fr\/wp-content\/uploads\/2023\/01\/IMG_20210916_151342-768x576.jpg 768w, https:\/\/val-et-zen.fr\/wp-content\/uploads\/2023\/01\/IMG_20210916_151342-1536x1152.jpg 1536w, https:\/\/val-et-zen.fr\/wp-content\/uploads\/2023\/01\/IMG_20210916_151342-2048x1536.jpg 2048w\" sizes=\"auto, (max-width: 1024px) 100vw, 1024px\" \/><\/figure><div class=\"wp-block-media-text__content\">\n<p class=\"has-text-align-center has-medium-font-size\"><a href=\"https:\/\/val-et-zen.fr\/index.php\/arret-cardio-respiratoire-et-accident-vasculaire-cerebral-acr-avc\/\" data-type=\"URL\" data-id=\"https:\/\/val-et-zen.fr\/index.php\/arret-cardio-respiratoire-et-accident-vasculaire-cerebral-acr-avc\/\">Arr\u00eat cardiaque &amp; Accident vasculaire c\u00e9r\u00e9bral (AVC)<\/a><\/p>\n<\/div><\/div>\n\n\n\n<p><\/p>\n\n\n\n<div class=\"wp-block-media-text alignwide is-stacked-on-mobile\"><figure class=\"wp-block-media-text__media\"><img loading=\"lazy\" decoding=\"async\" width=\"1024\" height=\"594\" src=\"https:\/\/val-et-zen.fr\/wp-content\/uploads\/2023\/01\/IMG_20230124_182221-1024x594.jpg\" alt=\"\" class=\"wp-image-483 size-full\" srcset=\"https:\/\/val-et-zen.fr\/wp-content\/uploads\/2023\/01\/IMG_20230124_182221-1024x594.jpg 1024w, https:\/\/val-et-zen.fr\/wp-content\/uploads\/2023\/01\/IMG_20230124_182221-300x174.jpg 300w, https:\/\/val-et-zen.fr\/wp-content\/uploads\/2023\/01\/IMG_20230124_182221-768x446.jpg 768w, https:\/\/val-et-zen.fr\/wp-content\/uploads\/2023\/01\/IMG_20230124_182221-1536x891.jpg 1536w, https:\/\/val-et-zen.fr\/wp-content\/uploads\/2023\/01\/IMG_20230124_182221-2048x1188.jpg 2048w\" sizes=\"auto, (max-width: 1024px) 100vw, 1024px\" \/><\/figure><div class=\"wp-block-media-text__content\">\n<p class=\"has-medium-font-size\"><a href=\"https:\/\/val-et-zen.fr\/index.php\/urgence-immediate\/\" data-type=\"URL\" data-id=\"https:\/\/val-et-zen.fr\/index.php\/urgence-immediate\/\">Urgence imm\u00e9diate de l&rsquo;adulte<\/a><\/p>\n<\/div><\/div>\n\n\n\n<p><\/p>\n\n\n\n<div class=\"wp-block-media-text alignwide is-stacked-on-mobile\"><figure class=\"wp-block-media-text__media\"><img loading=\"lazy\" decoding=\"async\" width=\"1024\" height=\"768\" src=\"https:\/\/val-et-zen.fr\/wp-content\/uploads\/2023\/01\/IMG_20210624_165515-1024x768.jpg\" alt=\"\" class=\"wp-image-488 size-full\" srcset=\"https:\/\/val-et-zen.fr\/wp-content\/uploads\/2023\/01\/IMG_20210624_165515-1024x768.jpg 1024w, https:\/\/val-et-zen.fr\/wp-content\/uploads\/2023\/01\/IMG_20210624_165515-300x225.jpg 300w, https:\/\/val-et-zen.fr\/wp-content\/uploads\/2023\/01\/IMG_20210624_165515-768x576.jpg 768w, https:\/\/val-et-zen.fr\/wp-content\/uploads\/2023\/01\/IMG_20210624_165515-1536x1152.jpg 1536w, https:\/\/val-et-zen.fr\/wp-content\/uploads\/2023\/01\/IMG_20210624_165515-2048x1536.jpg 2048w\" sizes=\"auto, (max-width: 1024px) 100vw, 1024px\" \/><\/figure><div class=\"wp-block-media-text__content\">\n<p class=\"has-medium-font-size\"><a href=\"https:\/\/val-et-zen.fr\/index.php\/urgence-immediate-de-lenfant-et-du-nourrisson\/\" data-type=\"URL\" data-id=\"https:\/\/val-et-zen.fr\/index.php\/urgence-immediate-de-lenfant-et-du-nourrisson\/\">Urgence imm\u00e9diate de l&rsquo;enfant et du nourrisson<\/a><\/p>\n<\/div><\/div>\n\n\n\n<p><\/p>\n\n\n\n<div class=\"wp-block-media-text alignwide is-stacked-on-mobile\"><figure class=\"wp-block-media-text__media\"><img loading=\"lazy\" decoding=\"async\" width=\"1024\" height=\"768\" src=\"https:\/\/val-et-zen.fr\/wp-content\/uploads\/2023\/01\/IMG_20210916_151348-1024x768.jpg\" alt=\"\" class=\"wp-image-489 size-full\" srcset=\"https:\/\/val-et-zen.fr\/wp-content\/uploads\/2023\/01\/IMG_20210916_151348-1024x768.jpg 1024w, https:\/\/val-et-zen.fr\/wp-content\/uploads\/2023\/01\/IMG_20210916_151348-300x225.jpg 300w, https:\/\/val-et-zen.fr\/wp-content\/uploads\/2023\/01\/IMG_20210916_151348-768x576.jpg 768w, https:\/\/val-et-zen.fr\/wp-content\/uploads\/2023\/01\/IMG_20210916_151348-1536x1152.jpg 1536w, https:\/\/val-et-zen.fr\/wp-content\/uploads\/2023\/01\/IMG_20210916_151348-2048x1536.jpg 2048w\" sizes=\"auto, (max-width: 1024px) 100vw, 1024px\" \/><\/figure><div class=\"wp-block-media-text__content\">\n<p class=\"has-medium-font-size\"><a href=\"https:\/\/val-et-zen.fr\/index.php\/premiers-secours-de-lenfant-et-du-nourrisson\/\" data-type=\"URL\" data-id=\"https:\/\/val-et-zen.fr\/index.php\/premiers-secours-de-lenfant-et-du-nourrisson\/\">Premiers secours de l&rsquo;enfant et du nourrisson<\/a><\/p>\n<\/div><\/div>\n\n\n\n<p><\/p>\n\n\n\n<p class=\"has-text-align-center has-text-color has-large-font-size\" style=\"color:#036944\"><strong>GESTES ET POSTURES<\/strong><\/p>\n\n\n\n<p><\/p>\n\n\n\n<div class=\"wp-block-media-text alignwide is-stacked-on-mobile\"><figure class=\"wp-block-media-text__media\"><img loading=\"lazy\" decoding=\"async\" width=\"996\" height=\"1024\" src=\"https:\/\/val-et-zen.fr\/wp-content\/uploads\/2023\/01\/GP1-996x1024.png\" alt=\"\" class=\"wp-image-493 size-full\" srcset=\"https:\/\/val-et-zen.fr\/wp-content\/uploads\/2023\/01\/GP1-996x1024.png 996w, https:\/\/val-et-zen.fr\/wp-content\/uploads\/2023\/01\/GP1-292x300.png 292w, https:\/\/val-et-zen.fr\/wp-content\/uploads\/2023\/01\/GP1-768x789.png 768w, https:\/\/val-et-zen.fr\/wp-content\/uploads\/2023\/01\/GP1.png 1014w\" sizes=\"auto, (max-width: 996px) 100vw, 996px\" \/><\/figure><div class=\"wp-block-media-text__content\">\n<p class=\"has-medium-font-size\"><a href=\"https:\/\/val-et-zen.fr\/index.php\/gestes-et-postures-manutention-3h30\/\" data-type=\"URL\" data-id=\"https:\/\/val-et-zen.fr\/index.php\/gestes-et-postures-manutention-3h30\/\">Gestes et postures \/ Manutention (3h30)<\/a><\/p>\n<\/div><\/div>\n\n\n\n<p><\/p>\n\n\n\n<div class=\"wp-block-media-text alignwide is-stacked-on-mobile\"><figure class=\"wp-block-media-text__media\"><img loading=\"lazy\" decoding=\"async\" width=\"683\" height=\"1024\" src=\"https:\/\/val-et-zen.fr\/wp-content\/uploads\/2023\/02\/WP_20210608_005-edited-683x1024.jpg\" alt=\"\" class=\"wp-image-542 size-full\" srcset=\"https:\/\/val-et-zen.fr\/wp-content\/uploads\/2023\/02\/WP_20210608_005-edited-683x1024.jpg 683w, https:\/\/val-et-zen.fr\/wp-content\/uploads\/2023\/02\/WP_20210608_005-edited-200x300.jpg 200w, https:\/\/val-et-zen.fr\/wp-content\/uploads\/2023\/02\/WP_20210608_005-edited-768x1151.jpg 768w, https:\/\/val-et-zen.fr\/wp-content\/uploads\/2023\/02\/WP_20210608_005-edited-1024x1536.jpg 1024w, https:\/\/val-et-zen.fr\/wp-content\/uploads\/2023\/02\/WP_20210608_005-edited-1366x2048.jpg 1366w, https:\/\/val-et-zen.fr\/wp-content\/uploads\/2023\/02\/WP_20210608_005-edited.jpg 1456w\" sizes=\"auto, (max-width: 683px) 100vw, 683px\" \/><\/figure><div class=\"wp-block-media-text__content\">\n<p class=\"has-medium-font-size\"><a href=\"https:\/\/val-et-zen.fr\/index.php\/gestes-et-postures-manutention-7h\/\" data-type=\"URL\" data-id=\"https:\/\/val-et-zen.fr\/index.php\/gestes-et-postures-manutention-7h\/\">Gestes et postures \/ Manutention (7h)<\/a><\/p>\n<\/div><\/div>\n\n\n\n<p><\/p>\n\n\n\n<div class=\"wp-block-media-text alignwide is-stacked-on-mobile\"><figure class=\"wp-block-media-text__media\"><img loading=\"lazy\" decoding=\"async\" width=\"1024\" height=\"461\" src=\"https:\/\/val-et-zen.fr\/wp-content\/uploads\/2023\/02\/Postures-6.jpg\" alt=\"\" class=\"wp-image-537 size-full\" srcset=\"https:\/\/val-et-zen.fr\/wp-content\/uploads\/2023\/02\/Postures-6.jpg 1024w, https:\/\/val-et-zen.fr\/wp-content\/uploads\/2023\/02\/Postures-6-300x135.jpg 300w, https:\/\/val-et-zen.fr\/wp-content\/uploads\/2023\/02\/Postures-6-768x346.jpg 768w\" sizes=\"auto, (max-width: 1024px) 100vw, 1024px\" \/><\/figure><div class=\"wp-block-media-text__content\">\n<p class=\"has-medium-font-size\"><a href=\"https:\/\/val-et-zen.fr\/index.php\/gestes-et-postures-bureautique-3h30\/\" data-type=\"URL\" data-id=\"https:\/\/val-et-zen.fr\/index.php\/gestes-et-postures-bureautique-3h30\/\">Gestes et postures \/ Bureautique (3h30)<\/a><\/p>\n<\/div><\/div>\n\n\n\n<p><\/p>\n\n\n\n<div class=\"wp-block-media-text alignwide is-stacked-on-mobile\"><figure class=\"wp-block-media-text__media\"><img loading=\"lazy\" decoding=\"async\" width=\"639\" height=\"426\" src=\"https:\/\/val-et-zen.fr\/wp-content\/uploads\/2023\/02\/Postures-bureau2-edited.jpg\" alt=\"\" class=\"wp-image-539 size-full\" srcset=\"https:\/\/val-et-zen.fr\/wp-content\/uploads\/2023\/02\/Postures-bureau2-edited.jpg 639w, https:\/\/val-et-zen.fr\/wp-content\/uploads\/2023\/02\/Postures-bureau2-edited-300x200.jpg 300w\" sizes=\"auto, (max-width: 639px) 100vw, 639px\" \/><\/figure><div class=\"wp-block-media-text__content\">\n<p class=\"has-medium-font-size\"><a href=\"https:\/\/val-et-zen.fr\/index.php\/gestes-et-postures-bureautique-7h\/\" data-type=\"URL\" data-id=\"https:\/\/val-et-zen.fr\/index.php\/gestes-et-postures-bureautique-7h\/\">Gestes et postures \/ Bureautique (7h)<\/a><\/p>\n<\/div><\/div>\n\n\n\n<p><\/p>\n\n\n\n<figure class=\"wp-block-gallery has-nested-images columns-default is-cropped wp-block-gallery-1 is-layout-flex wp-block-gallery-is-layout-flex\">\n<figure class=\"wp-block-image size-large\"><img loading=\"lazy\" decoding=\"async\" width=\"1024\" height=\"296\" data-id=\"549\" src=\"https:\/\/val-et-zen.fr\/wp-content\/uploads\/2023\/02\/Bandeau-catalogue2-1024x296.png\" alt=\"\" class=\"wp-image-549\" srcset=\"https:\/\/val-et-zen.fr\/wp-content\/uploads\/2023\/02\/Bandeau-catalogue2-1024x296.png 1024w, https:\/\/val-et-zen.fr\/wp-content\/uploads\/2023\/02\/Bandeau-catalogue2-300x87.png 300w, https:\/\/val-et-zen.fr\/wp-content\/uploads\/2023\/02\/Bandeau-catalogue2-768x222.png 768w, https:\/\/val-et-zen.fr\/wp-content\/uploads\/2023\/02\/Bandeau-catalogue2.png 1051w\" sizes=\"auto, (max-width: 1024px) 100vw, 1024px\" \/><\/figure>\n<\/figure>\n\n\n\n<p><\/p>\n\n\n\n<p class=\"has-text-align-center has-text-color has-large-font-size\" style=\"color:#036944\"><strong>ATELIERS DETENTE ET RELAXATION<\/strong><\/p>\n\n\n\n<p><\/p>\n\n\n\n<div class=\"wp-block-media-text alignwide is-stacked-on-mobile\"><figure class=\"wp-block-media-text__media\"><img loading=\"lazy\" decoding=\"async\" width=\"525\" height=\"567\" src=\"https:\/\/val-et-zen.fr\/wp-content\/uploads\/2023\/02\/Auto-massage-tete.jpg\" alt=\"\" class=\"wp-image-551 size-full\" srcset=\"https:\/\/val-et-zen.fr\/wp-content\/uploads\/2023\/02\/Auto-massage-tete.jpg 525w, https:\/\/val-et-zen.fr\/wp-content\/uploads\/2023\/02\/Auto-massage-tete-278x300.jpg 278w\" sizes=\"auto, (max-width: 525px) 100vw, 525px\" \/><\/figure><div class=\"wp-block-media-text__content\">\n<p class=\"has-medium-font-size\"><a href=\"https:\/\/val-et-zen.fr\/index.php\/atelier-auto-massage\/\" data-type=\"URL\" data-id=\"https:\/\/val-et-zen.fr\/index.php\/atelier-auto-massage\/\">Atelier auto-massage<\/a><\/p>\n<\/div><\/div>\n\n\n\n<p><\/p>\n\n\n\n<div class=\"wp-block-media-text alignwide is-stacked-on-mobile\"><figure class=\"wp-block-media-text__media\"><img loading=\"lazy\" decoding=\"async\" width=\"768\" height=\"1024\" src=\"https:\/\/val-et-zen.fr\/wp-content\/uploads\/2023\/02\/IMG_20200626_185818-768x1024.jpg\" alt=\"\" class=\"wp-image-552 size-full\" srcset=\"https:\/\/val-et-zen.fr\/wp-content\/uploads\/2023\/02\/IMG_20200626_185818-768x1024.jpg 768w, https:\/\/val-et-zen.fr\/wp-content\/uploads\/2023\/02\/IMG_20200626_185818-225x300.jpg 225w, https:\/\/val-et-zen.fr\/wp-content\/uploads\/2023\/02\/IMG_20200626_185818-1152x1536.jpg 1152w, https:\/\/val-et-zen.fr\/wp-content\/uploads\/2023\/02\/IMG_20200626_185818-1536x2048.jpg 1536w, https:\/\/val-et-zen.fr\/wp-content\/uploads\/2023\/02\/IMG_20200626_185818.jpg 1920w\" sizes=\"auto, (max-width: 768px) 100vw, 768px\" \/><\/figure><div class=\"wp-block-media-text__content\">\n<p class=\"has-medium-font-size\"><a href=\"https:\/\/val-et-zen.fr\/index.php\/atelier-respiration-et-etirements\/\" data-type=\"URL\" data-id=\"https:\/\/val-et-zen.fr\/index.php\/atelier-respiration-et-etirements\/\">Atelier respiration et \u00e9tirements<\/a><\/p>\n<\/div><\/div>\n\n\n\n<p><\/p>\n\n\n\n<p><em><strong><span style=\"text-align: left; color: #191e23; text-transform: none; text-indent: 0px; letter-spacing: normal; font-family: 'Noto Serif'; font-size: 16px; font-variant: normal; text-decoration: none; word-spacing: 0px; display: inline !important; white-space: normal; cursor: text; orphans: 2; float: none; -webkit-text-stroke-width: 0px; background-color: #ffffff;\">Nous pouvons vous proposer des formations \u00e0 la carte, selon vos besoins. N&rsquo;h\u00e9sitez pas \u00e0 nous contacter pour plus de renseignements.<\/span><\/strong><\/em><\/p>\n\n\n\n<p>&nbsp;<\/p>\n\n\n\n<p class=\"has-text-align-center\"><strong>Pour toute demande, contactez-nous au : <\/strong><br><strong>06 72 54 77 28<\/strong><\/p>\n\n\n\n<p class=\"has-text-align-center\"><\/p>\n\n\n\n<p class=\"has-text-align-center\"><\/p>\n","protected":false},"excerpt":{"rendered":"<p>Pr\u00e9vention des risques en entreprise : une priorit\u00e9 pour la performance et la s\u00e9curit\u00e9 La pr\u00e9vention des risques professionnels est un enjeu majeur pour toute entreprise, quelle que soit sa taille ou son secteur d\u2019activit\u00e9. Mettre en place une strat\u00e9gie de pr\u00e9vention efficace permet de garantir la s\u00e9curit\u00e9 des collaborateurs, d\u2019am\u00e9liorer les conditions de travail &hellip; <a href=\"https:\/\/val-et-zen.fr\/index.php\/formations-secourisme\/\" class=\"more-link\">Continuer la lecture de <span class=\"screen-reader-text\">Formations pr\u00e9vention des risques et secourisme<\/span><\/a><\/p>\n","protected":false},"author":1,"featured_media":0,"parent":0,"menu_order":0,"comment_status":"closed","ping_status":"closed","template":"","meta":{"footnotes":""},"class_list":["post-116","page","type-page","status-publish","hentry"],"_links":{"self":[{"href":"https:\/\/val-et-zen.fr\/index.php\/wp-json\/wp\/v2\/pages\/116","targetHints":{"allow":["GET"]}}],"collection":[{"href":"https:\/\/val-et-zen.fr\/index.php\/wp-json\/wp\/v2\/pages"}],"about":[{"href":"https:\/\/val-et-zen.fr\/index.php\/wp-json\/wp\/v2\/types\/page"}],"author":[{"embeddable":true,"href":"https:\/\/val-et-zen.fr\/index.php\/wp-json\/wp\/v2\/users\/1"}],"replies":[{"embeddable":true,"href":"https:\/\/val-et-zen.fr\/index.php\/wp-json\/wp\/v2\/comments?post=116"}],"version-history":[{"count":67,"href":"https:\/\/val-et-zen.fr\/index.php\/wp-json\/wp\/v2\/pages\/116\/revisions"}],"predecessor-version":[{"id":691,"href":"https:\/\/val-et-zen.fr\/index.php\/wp-json\/wp\/v2\/pages\/116\/revisions\/691"}],"wp:attachment":[{"href":"https:\/\/val-et-zen.fr\/index.php\/wp-json\/wp\/v2\/media?parent=116"}],"curies":[{"name":"wp","href":"https:\/\/api.w.org\/{rel}","templated":true}]}}