{"id":554,"date":"2023-02-07T16:57:06","date_gmt":"2023-02-07T15:57:06","guid":{"rendered":"https:\/\/val-et-zen.fr\/?page_id=554"},"modified":"2023-02-07T16:57:06","modified_gmt":"2023-02-07T15:57:06","slug":"atelier-auto-massage","status":"publish","type":"page","link":"https:\/\/val-et-zen.fr\/index.php\/atelier-auto-massage\/","title":{"rendered":"Atelier auto-massage"},"content":{"rendered":"\n<p class=\"has-text-color has-medium-font-size\" style=\"color:#039333\"><strong>OBJECTIFS<\/strong><\/p>\n\n\n\n<ul class=\"wp-block-list\">\n<li>Rep\u00e9rer ses propres zones de tensions et les masser pour les d\u00e9nouer afin d&rsquo;apporter la d\u00e9tente et le rel\u00e2chement musculaire.<\/li>\n<\/ul>\n\n\n\n<p><\/p>\n\n\n\n<p class=\"has-text-color\" style=\"color:#039333\"><strong>PUBLIC<\/strong><\/p>\n\n\n\n<p>Tout salari\u00e9 de l&rsquo;entreprise.<\/p>\n\n\n\n<p><\/p>\n\n\n\n<p class=\"has-text-color\" style=\"color:#039333\"><strong>DUREE<\/strong><\/p>\n\n\n\n<p>1 heure.<\/p>\n\n\n\n<p><\/p>\n\n\n\n<p class=\"has-text-color\" style=\"color:#039333\"><strong>NOMBRE DE PARTICIPANTS<\/strong><\/p>\n\n\n\n<p>2 \u00e0 10 participants.<\/p>\n\n\n\n<p><\/p>\n\n\n\n<p class=\"has-text-color\" style=\"color:#039333\"><strong>PROGRAMME<\/strong><\/p>\n\n\n\n<ul class=\"wp-block-list\">\n<li>Respiration et \u00e9tirements.<\/li>\n\n\n\n<li>Auto-massage :\n<ul class=\"wp-block-list\">\n<li>T\u00eate,<\/li>\n\n\n\n<li>Visage,<\/li>\n\n\n\n<li>Nuque,<\/li>\n\n\n\n<li>Trap\u00e8zes,<\/li>\n\n\n\n<li>Lombaires,<\/li>\n\n\n\n<li>Pieds.<\/li>\n<\/ul>\n<\/li>\n<\/ul>\n\n\n\n<p><\/p>\n\n\n\n<p class=\"has-text-color\" style=\"color:#039333\"><strong>INTERVENANT<\/strong><\/p>\n\n\n\n<p>Praticienne en massage bien-\u00eatre certifi\u00e9e et agr\u00e9\u00e9e par la F\u00e9d\u00e9ration Fran\u00e7aise de Massage Bien-\u00eatre (FFMBE).<\/p>\n\n\n\n<p><\/p>\n\n\n\n<p class=\"has-text-color\" style=\"color:#039333\"><strong>TARIFS<\/strong><\/p>\n\n\n\n<p>Nous consulter.<\/p>\n","protected":false},"excerpt":{"rendered":"<p>OBJECTIFS PUBLIC Tout salari\u00e9 de l&rsquo;entreprise. DUREE 1 heure. NOMBRE DE PARTICIPANTS 2 \u00e0 10 participants. PROGRAMME INTERVENANT Praticienne en massage bien-\u00eatre certifi\u00e9e et agr\u00e9\u00e9e par la F\u00e9d\u00e9ration Fran\u00e7aise de Massage Bien-\u00eatre (FFMBE). TARIFS Nous consulter.<\/p>\n","protected":false},"author":1,"featured_media":0,"parent":0,"menu_order":0,"comment_status":"closed","ping_status":"closed","template":"","meta":{"footnotes":""},"class_list":["post-554","page","type-page","status-publish","hentry"],"_links":{"self":[{"href":"https:\/\/val-et-zen.fr\/index.php\/wp-json\/wp\/v2\/pages\/554","targetHints":{"allow":["GET"]}}],"collection":[{"href":"https:\/\/val-et-zen.fr\/index.php\/wp-json\/wp\/v2\/pages"}],"about":[{"href":"https:\/\/val-et-zen.fr\/index.php\/wp-json\/wp\/v2\/types\/page"}],"author":[{"embeddable":true,"href":"https:\/\/val-et-zen.fr\/index.php\/wp-json\/wp\/v2\/users\/1"}],"replies":[{"embeddable":true,"href":"https:\/\/val-et-zen.fr\/index.php\/wp-json\/wp\/v2\/comments?post=554"}],"version-history":[{"count":8,"href":"https:\/\/val-et-zen.fr\/index.php\/wp-json\/wp\/v2\/pages\/554\/revisions"}],"predecessor-version":[{"id":563,"href":"https:\/\/val-et-zen.fr\/index.php\/wp-json\/wp\/v2\/pages\/554\/revisions\/563"}],"wp:attachment":[{"href":"https:\/\/val-et-zen.fr\/index.php\/wp-json\/wp\/v2\/media?parent=554"}],"curies":[{"name":"wp","href":"https:\/\/api.w.org\/{rel}","templated":true}]}}