{"id":565,"date":"2023-02-07T17:02:44","date_gmt":"2023-02-07T16:02:44","guid":{"rendered":"https:\/\/val-et-zen.fr\/?page_id=565"},"modified":"2023-02-07T17:02:44","modified_gmt":"2023-02-07T16:02:44","slug":"atelier-respiration-et-etirements","status":"publish","type":"page","link":"https:\/\/val-et-zen.fr\/index.php\/atelier-respiration-et-etirements\/","title":{"rendered":"Atelier respiration et \u00e9tirements"},"content":{"rendered":"\n<p class=\"has-text-color has-medium-font-size\" style=\"color:#039333\"><strong>OBJECTIFS<\/strong><\/p>\n\n\n\n<ul class=\"wp-block-list\">\n<li>Evacuer le stress gr\u00e2ce \u00e0 la respiration.<\/li>\n\n\n\n<li>Etirer le corps pour d\u00e9nouer les tensions musculaires li\u00e9es aux postures dans le travail.<\/li>\n<\/ul>\n\n\n\n<p><\/p>\n\n\n\n<p class=\"has-text-color\" style=\"color:#039333\"><strong>PUBLIC<\/strong><\/p>\n\n\n\n<p>Tout salari\u00e9 de l&rsquo;entreprise.<\/p>\n\n\n\n<p><\/p>\n\n\n\n<p class=\"has-text-color\" style=\"color:#039333\"><strong>DUREE<\/strong><\/p>\n\n\n\n<p>1 heure.<\/p>\n\n\n\n<p><\/p>\n\n\n\n<p class=\"has-text-color\" style=\"color:#039333\"><strong>NOMBRE DE PARTICIPANTS<\/strong><\/p>\n\n\n\n<p>2 \u00e0 10 participants.<\/p>\n\n\n\n<p><\/p>\n\n\n\n<p class=\"has-text-color\" style=\"color:#039333\"><strong>PROGRAMME<\/strong><\/p>\n\n\n\n<ul class=\"wp-block-list\">\n<li>Respiration ventrale.<\/li>\n\n\n\n<li>Respiration thoracique.<\/li>\n\n\n\n<li>Respiration pleine.<\/li>\n\n\n\n<li>Coh\u00e9rence cardiaque.<\/li>\n\n\n\n<li>Etirements doux.<\/li>\n<\/ul>\n\n\n\n<p><\/p>\n\n\n\n<p class=\"has-text-color\" style=\"color:#039333\"><strong>INTERVENANT<\/strong><\/p>\n\n\n\n<p>Praticienne en massage bien-\u00eatre certifi\u00e9e et agr\u00e9\u00e9e par la F\u00e9d\u00e9ration Fran\u00e7aise de Massage Bien-\u00eatre (FFMBE).<\/p>\n\n\n\n<p><\/p>\n\n\n\n<p class=\"has-text-color\" style=\"color:#039333\"><strong>TARIFS<\/strong><\/p>\n\n\n\n<p>Nous consulter.<\/p>\n","protected":false},"excerpt":{"rendered":"<p>OBJECTIFS PUBLIC Tout salari\u00e9 de l&rsquo;entreprise. DUREE 1 heure. NOMBRE DE PARTICIPANTS 2 \u00e0 10 participants. PROGRAMME INTERVENANT Praticienne en massage bien-\u00eatre certifi\u00e9e et agr\u00e9\u00e9e par la F\u00e9d\u00e9ration Fran\u00e7aise de Massage Bien-\u00eatre (FFMBE). TARIFS Nous consulter.<\/p>\n","protected":false},"author":1,"featured_media":0,"parent":0,"menu_order":0,"comment_status":"closed","ping_status":"closed","template":"","meta":{"footnotes":""},"class_list":["post-565","page","type-page","status-publish","hentry"],"_links":{"self":[{"href":"https:\/\/val-et-zen.fr\/index.php\/wp-json\/wp\/v2\/pages\/565","targetHints":{"allow":["GET"]}}],"collection":[{"href":"https:\/\/val-et-zen.fr\/index.php\/wp-json\/wp\/v2\/pages"}],"about":[{"href":"https:\/\/val-et-zen.fr\/index.php\/wp-json\/wp\/v2\/types\/page"}],"author":[{"embeddable":true,"href":"https:\/\/val-et-zen.fr\/index.php\/wp-json\/wp\/v2\/users\/1"}],"replies":[{"embeddable":true,"href":"https:\/\/val-et-zen.fr\/index.php\/wp-json\/wp\/v2\/comments?post=565"}],"version-history":[{"count":1,"href":"https:\/\/val-et-zen.fr\/index.php\/wp-json\/wp\/v2\/pages\/565\/revisions"}],"predecessor-version":[{"id":566,"href":"https:\/\/val-et-zen.fr\/index.php\/wp-json\/wp\/v2\/pages\/565\/revisions\/566"}],"wp:attachment":[{"href":"https:\/\/val-et-zen.fr\/index.php\/wp-json\/wp\/v2\/media?parent=565"}],"curies":[{"name":"wp","href":"https:\/\/api.w.org\/{rel}","templated":true}]}}